culate u(r).
37
Suppose -p + 1 = -5. Suppose 24 = 19*v - 15*v. Let q(b) = -5*b**2 - 3046*b**3 - 5 - v*b + 3047*b**3 + 0*b. Calculate q(p).
-5
Let w(c) = 3*c**2 - 3*c + 62. Let s(n) = 4*n**2 + 76. Let v(u) = -5*s(u) + 6*w(u). Calculate v(-9).
-8
Let m(p) be the first derivative of -p**3/3 - p**2 - 11*p + 8. Determine m(-6).
-35
Let m(i) = 2*i**2 - 56*i - 1. Let t(h) = -4*h**2 + 114*h + 2. Let k(n) = 5*m(n) + 2*t(n). Determine k(26).
-1
Suppose -8*q + 34 + 46 = 0. Let g(b) = -5*b**2 + b - b**3 - q - 3 + 5*b + 12. What is g(-6)?
-1
Suppose 95 = 10*y - 235. Let o be 12/(-66) + 369/y. Let v(i) = 2*i + 4. Calculate v(o).
26
Let c(n) = 84*n**2 - 4*n - 1. Let u be c(-1). Let g(d) = -d**2 - 44 - 7*d + u - 44. Let o = 3 + -8. What is g(o)?
9
Let x be (-10)/2*(55/(-11))/(-5). Let z be (-2 + 0 + 2)/(-2). Let u(i) = z*i - 4*i + 4*i + i + 3. Calculate u(x).
-2
Let z(l) = l**3 - 4*l**2 - 13*l + 5. Let x(j) = 4*j**3 - 16*j**2 - 54*j + 20. Let p(m) = 2*x(m) - 9*z(m). What is p(5)?
15
Let q(m) = 1000 + 0*m + 3*m - 1034. Let f be q(12). Suppose 2*p + 2*z + 2*z = -6, -f*p - 5 = 5*z. Let k(o) = 2*o + 4. Give k(p).
-6
Let d(z) = z + 1. Let c(q) = -3*q + 8. Let b(k) = c(k) - 5*d(k). Let w be b(1). Let p(u) = u. Determine p(w).
-5
Suppose -5*v - 34 = 2*d, -d + 6 = -3*v - 10. Let n(x) = 2 + 13 + 0*x - 2*x - 3 - x**2. Give n(v).
-12
Suppose -5*b - 5*l - 4 = -9, 2*b - 4*l = 20. Suppose -3*t = -5*c - 28, -b*t - 3*c = -5*c - 14. Let v(y) = -5*y**2 - 1. Determine v(t).
-6
Let r(z) = -z**3 - 4*z + 3064 - 13*z**2 - 3082 - 13*z. Give r(-12).
42
Let d(s) be the first derivative of -s**3/3 + 23*s**2 + 111*s + 6680. What is d(48)?
15
Let f be (-1017)/27*(2 - 5). Let p = f + -117. Let q(b) = b - 1. What is q(p)?
-5
Let i(p) = -2*p**2 + 6*p**2 + 16 - 17. Let b(k) = k**3 - 30*k**2 + 174*k + 18. Let z be b(8). Calculate i(z).
15
Let x(s) = s**3 - 122*s**2 + 5*s + 7. Let p(j) = 2*j**3 - 304*j**2 + 11*j + 16. Let o(h) = -2*p(h) + 5*x(h). Suppose 3*m = 5*y - 11 - 7, 1 = -m. Calculate o(y).
21
Suppose 14*z = 9*z - 3*p + 53, -4*z + 34 = p. Let k(x) = -x**2 - 12*x + 132. Give k(z).
-1
Let y(a) be the third derivative of -a**5/15 + 47*a**4/24 - 9*a**3/2 - 3060*a**2. What is y(11)?
6
Let v(w) = -7*w + 95. Suppose 118 - 40 = 6*t. Give v(t).
4
Suppose -a - 5*u + 8*u + 1 = 0, a - 15 = -4*u. Let s(j) = 2*j**3 - 16*j**2 + 15*j - 9. Determine s(a).
-2
Let f(b) = 163*b - 18 - 14 - 83*b - 83*b. What is f(-11)?
1
Let k(i) = i**3 + 7*i**2 + 6*i. Let b = 178 + -83. Suppose b = -16*q - 1. What is k(q)?
0
Let t(n) = -n**3 - 12*n**2 - 2*n + 4. Let d(o) = 3*o**3 + 28*o**2 + 5*o - 7. Let l(u) = 2*d(u) + 5*t(u). Give l(4).
6
Let d(v) = -v**2 - 8*v - 6. Suppose 0 = 11*p - 20*p - 36. Let c be d(p). Let l(q) = -q + 11. What is l(c)?
1
Let h(j) = 5*j - 39588 + 39759 - 51*j. What is h(4)?
-13
Let h(f) = -f**3 - 8*f**2 + 16*f + 23. Let x = -179 + 170. Calculate h(x).
-40
Suppose -t - 4 = -3*t - 0*t, 0 = 3*a + t + 4. Let s(n) = 2*n - n - 4*n - n**2 - 3. Calculate s(a).
-1
Let s(r) = -6*r - 1. Let c be s(-1). Let n(g) = -g**2 + 8*g + 14. Let w(t) = 2*t**2 - 15*t - 26. Let p = 15 - 8. Let j(m) = p*n(m) + 4*w(m). What is j(c)?
-1
Let u(w) be the second derivative of w**7/2520 + 7*w**6/720 - w**5/15 - 5*w**4/6 - 2*w**3/3 + 57*w. Let b(f) be the third derivative of u(f). Give b(-7).
-8
Let q(d) = d**3 + 12*d**2 - 13*d. Suppose -25*o - 17*o = 2337 - 1791. Give q(o).
0
Let g = -223 + 228. Suppose -3*y + 26 = 5*o, 2 = -g*o + 7. Let p(v) = -v**2 + 5*v + 8. Give p(y).
-6
Let g be (3 + (-6 - -5))*(-2)/4. Let x(i) = 1. Let v(c) be the first derivative of 2*c**2 + 2*c + 12. Let k(y) = v(y) - x(y). What is k(g)?
-3
Let g(r) = 408*r - 16728. Let c(p) = -43*p + 1763. Let f(q) = 48*c(q) + 5*g(q). Calculate f(41).
0
Let q(b) = 5*b**2 - 14*b + 11. Let p be (-6 - -5)*1*(5 - 11). Give q(p).
107
Let j(m) = m**3 - m**2 + 5*m - 5. Suppose -205*u - 116 = -263*u. What is j(u)?
9
Let a be 318/424*(1184/(-12))/(-2). Let f(w) be the third derivative of -a*w**2 + 0 + 1/24*w**4 + 0*w - 7/6*w**3. Determine f(-6).
-13
Let r be (110/(-88))/((-30)/4) + 748/(-24). Let y(t) = t**3 + 32*t**2 + 31*t + 67. Determine y(r).
67
Let i(b) be the second derivative of b**5/10 + 5*b**4/6 + b**3/2 + 11*b**2/2 - b + 1232. Determine i(-5).
-4
Let m(z) = -18*z + 91. Let q(g) = -66*g**2 + 663*g - 23. Let i be q(10). Calculate m(i).
-35
Let l(d) = -d - 1. Suppose -6*v + 4*h = -11*v - 20, -h - 5 = -v. Let g be (-140)/112 - (v - 7/(-4)). What is l(g)?
2
Let l(q) = 6 + q - 9 + 2 + 2*q. Suppose 26 = -4*z + 14. Give l(z).
-10
Let b(h) = -2*h**3 - 12*h + 23181 - 23184 - 8*h + 41*h**2. What is b(20)?
-3
Suppose v + 3 = 4. Suppose -4*o + 0*o + 15 = -1. Let z(x) = v - o*x + 2 + 20*x**3 - 21*x**3 + x. Determine z(2).
-11
Let u(z) be the first derivative of -z**4/4 + z**3/3 - z**2/2 - 42*z + 668. Determine u(0).
-42
Let x(l) = -2*l**2 + 72*l - 422. Let g be x(29). Let t(i) = -6*i - 75. Determine t(g).
21
Let p(t) = -t**2 + 7*t + 26. Let s(r) = -20*r + 311. Let b be s(15). Give p(b).
-18
Let t be (-390)/(-52)*(-2)/5. Let p(j) = 3*j + 3. Determine p(t).
-6
Let k = -1456 - -1464. Let x(f) = f**2 - 10*f + 2. What is x(k)?
-14
Let m(s) = 7*s**2 + 105*s - 23*s + 4447 - 2234 - 2227. Determine m(-12).
10
Let f(q) = 4*q - 111. Let x be 29*(20/(-5) - -5)*1. Determine f(x).
5
Let q(g) = 9*g - 107. Let s be (4/(-8))/(((-650)/240)/65). Determine q(s).
1
Let z(x) = 9*x - 7 + 0 - 2 + x**2. Suppose 5*b = 2*i + 26, 16*i - 24 = 20*i + 4*b. Let o be 0 + i + (7 - 8). Determine z(o).
-9
Let x(m) = -8*m - 1. Let a = -126 + 131. Let f be 1/(-4) - 6/(-24)*a. Determine x(f).
-9
Let p(j) = -j**2 - 18*j - 41. Let m be p(-12). Suppose 0 = -5*r - 2*t + 7 + m, -3 = 3*t. Let n(v) = -v**2 + 5*v - 9. What is n(r)?
-33
Suppose 29 + 9 = -38*m. Let u(w) = w**2 + 1. Let q(n) be the first derivative of -n**4/4 - 3*n**3 - 6*n - 2. Let a(c) = m*q(c) - 5*u(c). Give a(-4).
1
Suppose 5*y = 6*y + n - 1, 3*y - 2*n = -17. Let s be ((-2)/y)/((-10)/(-15)). Let a(i) = 3*i**2 - 2*i + 1. Calculate a(s).
2
Let j(m) = 20*m + 704. Let y(h) = -40*h - 701. Let w(p) = -5*j(p) - 4*y(p). What is w(12)?
4
Suppose 5*o = 30 + 15. Let h(w) = w**2 - 100 - o*w + 51 + 55. Let d = 19 - 12. Calculate h(d).
-8
Let r be 2/(-5) - (-7)/5. Suppose y - 4*i - r = 0, -i = 2*y - 3*i - 2. Let q(h) = h**2 + 31*h - 9*h - 16*h - y. What is q(-7)?
6
Let j(f) = -f**2 + f + 7. Let q be j(4). Let i(n) be the third derivative of -1/24*n**4 + 1/12*n**5 + 1/120*n**6 - 2/3*n**3 + 0 - 2*n**2 + 0*n. Calculate i(q).
1
Let u(p) be the third derivative of -p**4/24 - p**3/6 - 501*p**2 + 1. Suppose 0 = 19*c - 5*c + 28. Give u(c).
1
Let y(j) = 7*j - 74. Let b be y(11). Let x be (-9)/(-6)*8/6. Let r(f) = 1 + 1 + 3 - 6 - x*f. Give r(b).
-7
Let l(n) = -n - 76. Let y be 0*(2 - 98/56). What is l(y)?
-76
Let d be (1*10)/(1 + 1). Let l(k) = -k - 1. Let p(w) = -4*w - 1. Let i(z) = 7*l(z) - 3*p(z). Let m(n) = -n. Let b(h) = -i(h) - 4*m(h). Give b(d).
-1
Let o(j) = j**2 - 7*j - 3. Let f(v) = -2*v**2 + 8*v - 4 + 6 + 0. Let a = -19 + 22. Let u(z) = a*o(z) + 2*f(z). What is u(-6)?
-11
Let o(k) be the first derivative of -3*k**2/2 + 5*k - 461. What is o(0)?
5
Let l(d) = 2*d**2 + 4*d - 1. Let f be l(-5). Let i(h) = 17*h + 13*h - 2 - f*h. Calculate i(6).
4
Let d(p) = p**2 + 32*p + 30. Suppose 18 = -3*c + 5*t, -18*t + 16*t + 3 = 3*c. What is d(c)?
-1
Suppose 0 = 3*c + 2*c + 4*s, -5*c = -5*s. Let m(x) = 11 - 1 + c*x - 2*x. Suppose 5*h + 20 = 7*w - 2*w, -4*w + 34 = 2*h. What is m(w)?
-4
Let f(m) be the first derivative of m**2 + 15*m + 2876. What is f(-9)?
-3
Let f = -52 + 94. Suppose 174 = -6*l - f. Let i be ((-3)/l*4)/((-2)/(-36)). Let u(v) = v - 1. What is u(i)?
5
Let j(m) be the third derivative of -m**4/24 - 7*m**3/6 - m**2 - 507*m. What is j(24)?
-31
Let x = 37 - 24. Let u(s) = -s**2 + 2*s - 4*s + 9*s - x + 19. Determine u(7).
6
Let u(s) = -58*s**3 + 35*s**2 - 49*s + 10. Let n(p) = 9*p**3 - 6*p**2 + 8*p - 2. Let w(y) = -13*n(y) - 2*u(y). What is w(7)?
13
Suppose 2*o - 2*l - 18 = 0, 4*l + 21 = 74*o - 73*o. Let g(j) = -j**3 + 4*j**2 + 5*j - 9. Calculate g(o).
-9
Let v(b) = 24*b - 11. Suppose -4*f = 24 - 0. Let n(a) = -11*a + 5. Let j(w) = f*v(w) - 13*n(w). Calculate j(2).
-1
Let s(w) = -6*w - 34. Suppose 0 = -h + 5*p + 10, 278*h - p = 279*h + 8. Determine s(h).
-4
Let x(v) = v + 0 +